ide 1646?
False
Is 3620 a multiple of 181?
True
Is 17171 a multiple of 21?
False
Does 19 divide 496?
False
Is 2 a factor of 29?
False
Does 109 divide 24136?
False
Is 17 a factor of 213?
False
Is 67 a factor of 9554?
False
Is 657 a multiple of 73?
True
Does 35 divide 175?
True
Does 10 divide 130?
True
Is 530 a multiple of 23?
False
Does 154 divide 9240?
True
Is 321 a factor of 51655?
False
Is 63 a multiple of 15?
False
Is 6550 a multiple of 16?
False
Is 1107 a multiple of 37?
False
Is 52 a factor of 845?
False
Is 7 a factor of 46795?
True
Is 17 a factor of 717?
False
Is 2962 a multiple of 24?
False
Does 15 divide 1037?
False
Is 1004 a multiple of 30?
False
Is 69 a factor of 44643?
True
Is 4 a factor of 78?
False
Is 8 a factor of 8832?
True
Is 12 a factor of 2785?
False
Is 8 a factor of 906?
False
Is 49 a factor of 6603?
False
Is 5 a factor of 12249?
False
Is 30 a factor of 4170?
True
Is 8 a factor of 64728?
True
Is 30 a factor of 4561?
False
Is 16212 a multiple of 42?
True
Is 19608 a multiple of 24?
True
Is 24 a factor of 15672?
True
Does 19 divide 1938?
True
Is 732 a multiple of 61?
True
Is 214 a factor of 27820?
True
Is 47 a factor of 3478?
True
Does 18 divide 792?
True
Is 19 a factor of 950?
True
Is 30 a factor of 5269?
False
Is 56 a factor of 6471?
False
Is 1701 a multiple of 21?
True
Is 24 a factor of 26132?
False
Does 6 divide 108?
True
Does 46 divide 1340?
False
Is 1742 a multiple of 13?
True
Is 23265 a multiple of 55?
True
Is 3033 a multiple of 121?
False
Is 7802 a multiple of 20?
False
Does 86 divide 13158?
True
Is 26 a factor of 14363?
False
Is 4 a factor of 222?
False
Does 75 divide 1630?
False
Does 11 divide 19956?
False
Is 5328 a multiple of 30?
False
Does 9 divide 12495?
False
Is 39 a factor of 6864?
True
Does 87 divide 1223?
False
Does 20 divide 2120?
True
Is 94 a factor of 564?
True
Does 8 divide 460?
False
Is 4209 a multiple of 151?
False
Is 169 a factor of 42688?
False
Is 16 a factor of 86637?
False
Is 2693 a multiple of 68?
False
Is 42 a factor of 672?
True
Does 17 divide 14805?
False
Is 13688 a multiple of 109?
False
Is 95 a factor of 20192?
False
Is 11910 a multiple of 10?
True
Does 9 divide 96?
False
Does 10 divide 30?
True
Is 13 a factor of 23604?
False
Is 142 a factor of 29418?
False
Is 4 a factor of 48?
True
Is 76 a factor of 912?
True
Is 93 a factor of 60822?
True
Is 5128 a multiple of 17?
False
Is 20 a factor of 100?
True
Is 6 a factor of 3414?
True
Is 1649 a multiple of 97?
True
Is 2074 a multiple of 17?
True
Is 3209 a multiple of 18?
False
Is 6 a factor of 9224?
False
Does 111 divide 16983?
True
Does 45 divide 57375?
True
Is 2054 a multiple of 36?
False
Is 9440 a multiple of 5?
True
Does 5 divide 3220?
True
Is 64095 a multiple of 169?
False
Is 25 a factor of 26500?
True
Does 224 divide 43427?
False
Is 1350 a multiple of 25?
True
Is 32 a factor of 3424?
True
Does 17 divide 85?
True
Is 3152 a multiple of 16?
True
Is 91 a factor of 7826?
True
Does 26 divide 858?
True
Is 642 a multiple of 19?
False
Does 85 divide 6232?
False
Is 12 a factor of 3652?
False
Does 47 divide 20398?
True
Does 38 divide 23422?
False
Is 406 a multiple of 7?
True
Is 22 a factor of 4554?
True
Is 20812 a multiple of 86?
True
Does 20 divide 15810?
False
Is 41 a factor of 29375?
False
Is 539 a multiple of 55?
False
Is 18 a factor of 3668?
False
Is 44 a factor of 5984?
True
Is 22 a factor of 12034?
True
Does 29 divide 493?
True
Does 20 divide 955?
False
Is 102033 a multiple of 36?
False
Is 1540 a multiple of 35?
True
Does 66 divide 7941?
False
Is 52 a factor of 21002?
False
Is 2544 a multiple of 19?
False
Is 1023 a multiple of 93?
True
Does 4 divide 232?
True
Does 15 divide 1440?
True
Is 14720 a multiple of 32?
True
Is 5536 a multiple of 32?
True
Is 13 a factor of 1474?
False
Is 6 a factor of 31521?
False
Is 9 a factor of 27?
True
Does 14 divide 1033?
False
Does 94 divide 1316?
True
Is 10 a factor of 2955?
False
Is 14 a factor of 1380?
False
Is 230 a multiple of 6?
False
Is 2594 a multiple of 3?
False
Is 6659 a multiple of 13?
False
Does 25 divide 3160?
False
Is 31 a factor of 2659?
False
Does 138 divide 50646?
True
Is 827 a multiple of 9?
False
Is 21 a factor of 798?
True
Is 4646 a multiple of 9?
False
Is 306 a multiple of 18?
True
Does 27 divide 540?
True
Is 47 a factor of 1665?
False
Does 28 divide 756?
True
Is 338 a multiple of 26?
True
Does 47 divide 15181?
True
Is 139 a factor of 6309?
False
Does 26 divide 18538?
True
Is 10 a factor of 380?
True
Is 8 a factor of 800?
True
Is 4 a factor of 78?
False
Does 17 divide 34952?
True
Is 1258 a multiple of 10?
False
Does 3 divide 269?
False
Is 18 a factor of 252?
True
Is 151 a factor of 9060?
True
Is 51 a factor of 4985?
False
Is 1101 a multiple of 23?
False
Is 49 a factor of 2009?
True
Does 25 divide 2900?
True
Does 18 divide 2052?
True
Is 27 a factor of 3402?
True
Is 259 a multiple of 3?
False
Is 15 a factor of 24260?
False
Is 6345 a multiple of 47?
True
Is 625 a multiple of 25?
True
Does 50 divide 1911?
False
Is 9573 a multiple of 40?
False
Does 238 divide 13829?
False
Does 9 divide 52?
False
Is 1162 a multiple of 32?
False
Is 1710 a multiple of 18?
True
Is 21 a factor of 357?
True
Does 181 divide 2353?
True
Is 9 a factor of 438?
False
Is 488 a multiple of 13?
False
Is 13 a factor of 318?
False
Is 2023 a multiple of 53?
False
Is 17 a factor of 5321?
True
Is 5 a factor of 985?
True
Does 25 divide 1050?
True
Is 10 a factor of 280?
True
Is 3 a factor of 548?
False
Is 7631 a multiple of 80?
False
Does 4 divide 388?
True
Does 19 divide 544?
False
Is 6496 a multiple of 63?
False
Is 123 a factor of 22878?
True
Is 3003 a multiple of 13?
True
Is 107 a factor of 8507?
False
Is 908 a multiple of 21?
False
Does 34 divide 4677?
False
Is 4315 a multiple of 3?
False
Does 93 divide 68892?
False
Is 72 a multiple of 24?
True
Does 18 divide 432?
True
Is 490 a multiple of 3?
False
Does 82 divide 250?
False
Is 4500 a multiple of 100?
True
Does 21 divide 840?
True
Is 5076 a multiple of 54?
True
Does 40 divide 406?
False
Is 17 a factor of 42449?
True
Is 60 a factor of 660?
True
Is 12628 a multiple of 160?
False
Is 1124 a multiple of 14?
False
Does 135 divide 2506?
False
Is 1845 a multiple of 3?
True
Does 33 divide 30228?
True
Does 8 divide 293?
False
Is 265 a multiple of 53?
True
Is 13808 a multiple of 59?
False
Is 380 a multiple of 20?
True
Is 5 a factor of 3482?
False
Is 53 a factor of 13077?
False
Is 11 a factor of 1815?
True
Does 85 divide 3230?
True
Is 5 a factor of 27033?
False
Is 29 a factor of 15051?
True
Is 3 a factor of 305?
False
Is 7462 a multiple of 26?
True
Is 1503 a multiple of 9?
True
Is 59 a factor of 11505?
True
Does 20 divide 3280?
True
Is 850 a multiple of 10?
True
Is 80 a multiple of 10?
True
Does 4 divide 2772?
True
Is 19 a factor of 932?
False
Is 545 a multiple of 5?
True
Does 24 divide 97?
False
Is 117 a multiple of 13?
True
Does 43 divide 64707?
False
Does 187 divide 18518?
False
Is 1808 a multiple of 5?
False
Is 30 a factor of 1710?
True
Does 77 divide 1694?
True
Is 11300 a multiple of 100?
True
Is 459 a multiple of 9?
True
Does 28 divide 8351?
False
Does 27 divide 810?
True
Is 1944 a multiple of 45?
False
Does 111 divide 953?
False
Does 73 divide 1241?
True
Is 118 a factor of 11210?
True
Is 6 a factor of 2160?
True
Does 42 divide 116427?
False
Is 1846 a multiple of 142?
True
Does 202 divide 42218?
True
Is 1284 a multiple of 8?
False
Is 136 a factor of 48824?
True
Does 12 divide 4550?
False
Is 9 a factor of 376?
False
Does 16 divide 3732?
False
Does 52 divide 74620?
True
Is 41 a factor of 1353?
True
Is 285 a multiple of 5?
True
Is 101987 a multiple of 164?
False
Does 9 divide 2871?
True
Is 215 a multiple of 4?
False
Is 36 a factor of 288?
True
Is 3659 a multiple of 11?
False
Is 166 a factor of 1892?
False
Does 56 divide 67368?
True
Does 15 divide 1950?
True
Does 23 divide 2858?
False
Does 19 divide 2185?
True
Is 18910 a multiple of 226?
False
Is 50 a factor of 17000?
True
Is 149 a factor of 18475?
False
Is 145 a multiple of 18?
False
Does 13 divide 20049?
False
Is 8 a factor of 545?
False
Is 8 a factor of 9331?
False
Is 7857 a multiple of 97?
True
Does 88 divide 26048?
True
Does 5 divide 431?
False
Is 13 a factor of 910?
True
Is 19765 a multiple of 44?
False
Is 26397 a multiple of 178?
False
Do